{"id":768,"date":"2022-05-26T17:08:18","date_gmt":"2022-05-26T15:08:18","guid":{"rendered":"https:\/\/brasserielabourgogne.com\/?page_id=768"},"modified":"2022-06-03T16:06:59","modified_gmt":"2022-06-03T14:06:59","slug":"acces-contact","status":"publish","type":"page","link":"https:\/\/brasserielabourgogne.com\/index.php\/acces-contact\/","title":{"rendered":"Acc\u00e8s \/ contact"},"content":{"rendered":"\t\t<div data-elementor-type=\"wp-page\" data-elementor-id=\"768\" class=\"elementor elementor-768\">\n\t\t\t\t\t\t<section class=\"elementor-section elementor-top-section elementor-element elementor-element-90cf21a elementor-section-full_width elementor-section-height-min-height animated-slow elementor-hidden-mobile elementor-section-height-default elementor-section-items-middle elementor-invisible\" data-id=\"90cf21a\" data-element_type=\"section\" data-settings=\"{&quot;background_background&quot;:&quot;classic&quot;,&quot;animation&quot;:&quot;fadeInDown&quot;}\">\n\t\t\t\t\t\t<div class=\"elementor-container elementor-column-gap-default\">\n\t\t\t\t\t<div class=\"elementor-column elementor-col-100 elementor-top-column elementor-element elementor-element-785202a\" data-id=\"785202a\" data-element_type=\"column\">\n\t\t\t<div class=\"elementor-widget-wrap\">\n\t\t\t\t\t\t\t<\/div>\n\t\t<\/div>\n\t\t\t\t\t<\/div>\n\t\t<\/section>\n\t\t\t\t<section class=\"elementor-section elementor-top-section elementor-element elementor-element-32a5d15 elementor-section-full_width elementor-section-height-min-height animated-slow elementor-hidden-desktop elementor-hidden-tablet elementor-section-height-default elementor-section-items-middle elementor-invisible\" data-id=\"32a5d15\" data-element_type=\"section\" data-settings=\"{&quot;background_background&quot;:&quot;classic&quot;,&quot;animation&quot;:&quot;fadeInDown&quot;}\">\n\t\t\t\t\t\t<div class=\"elementor-container elementor-column-gap-default\">\n\t\t\t\t\t<div class=\"elementor-column elementor-col-100 elementor-top-column elementor-element elementor-element-9c4a355\" data-id=\"9c4a355\" data-element_type=\"column\">\n\t\t\t<div class=\"elementor-widget-wrap\">\n\t\t\t\t\t\t\t<\/div>\n\t\t<\/div>\n\t\t\t\t\t<\/div>\n\t\t<\/section>\n\t\t\t\t<section class=\"elementor-section elementor-top-section elementor-element elementor-element-15a3ddb elementor-section-boxed elementor-section-height-default elementor-section-height-default\" data-id=\"15a3ddb\" data-element_type=\"section\">\n\t\t\t\t\t\t<div class=\"elementor-container elementor-column-gap-default\">\n\t\t\t\t\t<div class=\"elementor-column elementor-col-100 elementor-top-column elementor-element elementor-element-3121332\" data-id=\"3121332\" data-element_type=\"column\">\n\t\t\t<div class=\"elementor-widget-wrap elementor-element-populated\">\n\t\t\t\t\t\t<div class=\"elementor-element elementor-element-2e486a1 elementor-widget elementor-widget-spacer\" data-id=\"2e486a1\" data-element_type=\"widget\" data-widget_type=\"spacer.default\">\n\t\t\t\t<div class=\"elementor-widget-container\">\n\t\t\t<style>\/*! elementor - v3.20.0 - 20-03-2024 *\/\n.elementor-column .elementor-spacer-inner{height:var(--spacer-size)}.e-con{--container-widget-width:100%}.e-con-inner>.elementor-widget-spacer,.e-con>.elementor-widget-spacer{width:var(--container-widget-width,var(--spacer-size));--align-self:var(--container-widget-align-self,initial);--flex-shrink:0}.e-con-inner>.elementor-widget-spacer>.elementor-widget-container,.e-con>.elementor-widget-spacer>.elementor-widget-container{height:100%;width:100%}.e-con-inner>.elementor-widget-spacer>.elementor-widget-container>.elementor-spacer,.e-con>.elementor-widget-spacer>.elementor-widget-container>.elementor-spacer{height:100%}.e-con-inner>.elementor-widget-spacer>.elementor-widget-container>.elementor-spacer>.elementor-spacer-inner,.e-con>.elementor-widget-spacer>.elementor-widget-container>.elementor-spacer>.elementor-spacer-inner{height:var(--container-widget-height,var(--spacer-size))}.e-con-inner>.elementor-widget-spacer.elementor-widget-empty,.e-con>.elementor-widget-spacer.elementor-widget-empty{position:relative;min-height:22px;min-width:22px}.e-con-inner>.elementor-widget-spacer.elementor-widget-empty .elementor-widget-empty-icon,.e-con>.elementor-widget-spacer.elementor-widget-empty .elementor-widget-empty-icon{position:absolute;top:0;bottom:0;left:0;right:0;margin:auto;padding:0;width:22px;height:22px}<\/style>\t\t<div class=\"elementor-spacer\">\n\t\t\t<div class=\"elementor-spacer-inner\"><\/div>\n\t\t<\/div>\n\t\t\t\t<\/div>\n\t\t\t\t<\/div>\n\t\t\t\t\t<\/div>\n\t\t<\/div>\n\t\t\t\t\t<\/div>\n\t\t<\/section>\n\t\t\t\t<section class=\"elementor-section elementor-top-section elementor-element elementor-element-c1182ef elementor-section-boxed elementor-section-height-default elementor-section-height-default\" data-id=\"c1182ef\" data-element_type=\"section\">\n\t\t\t\t\t\t<div class=\"elementor-container elementor-column-gap-default\">\n\t\t\t\t\t<div class=\"elementor-column elementor-col-33 elementor-top-column elementor-element elementor-element-cfdb853\" data-id=\"cfdb853\" data-element_type=\"column\">\n\t\t\t<div class=\"elementor-widget-wrap elementor-element-populated\">\n\t\t\t\t\t\t<div class=\"elementor-element elementor-element-7b1360e animated-slow elementor-invisible elementor-widget elementor-widget-heading\" data-id=\"7b1360e\" data-element_type=\"widget\" data-settings=\"{&quot;_animation&quot;:&quot;fadeInDown&quot;}\" data-widget_type=\"heading.default\">\n\t\t\t\t<div class=\"elementor-widget-container\">\n\t\t\t<style>\/*! elementor - v3.20.0 - 20-03-2024 *\/\n.elementor-heading-title{padding:0;margin:0;line-height:1}.elementor-widget-heading .elementor-heading-title[class*=elementor-size-]>a{color:inherit;font-size:inherit;line-height:inherit}.elementor-widget-heading .elementor-heading-title.elementor-size-small{font-size:15px}.elementor-widget-heading .elementor-heading-title.elementor-size-medium{font-size:19px}.elementor-widget-heading .elementor-heading-title.elementor-size-large{font-size:29px}.elementor-widget-heading .elementor-heading-title.elementor-size-xl{font-size:39px}.elementor-widget-heading .elementor-heading-title.elementor-size-xxl{font-size:59px}<\/style><h2 class=\"elementor-heading-title elementor-size-default\">Pour d\u00e9jeuner ou d\u00eener, contactez-nous<\/h2>\t\t<\/div>\n\t\t\t\t<\/div>\n\t\t\t\t<div class=\"elementor-element elementor-element-f615a08 elementor-widget elementor-widget-spacer\" data-id=\"f615a08\" data-element_type=\"widget\" data-widget_type=\"spacer.default\">\n\t\t\t\t<div class=\"elementor-widget-container\">\n\t\t\t\t\t<div class=\"elementor-spacer\">\n\t\t\t<div class=\"elementor-spacer-inner\"><\/div>\n\t\t<\/div>\n\t\t\t\t<\/div>\n\t\t\t\t<\/div>\n\t\t\t\t<div class=\"elementor-element elementor-element-5b0955a elementor-widget elementor-widget-text-editor\" data-id=\"5b0955a\" data-element_type=\"widget\" data-widget_type=\"text-editor.default\">\n\t\t\t\t<div class=\"elementor-widget-container\">\n\t\t\t<style>\/*! elementor - v3.20.0 - 20-03-2024 *\/\n.elementor-widget-text-editor.elementor-drop-cap-view-stacked .elementor-drop-cap{background-color:#69727d;color:#fff}.elementor-widget-text-editor.elementor-drop-cap-view-framed .elementor-drop-cap{color:#69727d;border:3px solid;background-color:transparent}.elementor-widget-text-editor:not(.elementor-drop-cap-view-default) .elementor-drop-cap{margin-top:8px}.elementor-widget-text-editor:not(.elementor-drop-cap-view-default) .elementor-drop-cap-letter{width:1em;height:1em}.elementor-widget-text-editor .elementor-drop-cap{float:left;text-align:center;line-height:1;font-size:50px}.elementor-widget-text-editor .elementor-drop-cap-letter{display:inline-block}<\/style>\t\t\t\t<p><b><span style=\"font-style: inherit; background-color: var(--ast-global-color-5);\">Par t\u00e9l\u00e9phone<\/span><span style=\"font-style: inherit; background-color: var(--ast-global-color-5);\">\u00a0:\u00a0<br \/><\/span><span style=\"font-style: inherit; background-color: var(--ast-global-color-5);\">03 80 74 12 08<\/span><\/b><\/p>\t\t\t\t\t\t<\/div>\n\t\t\t\t<\/div>\n\t\t\t\t<div class=\"elementor-element elementor-element-3130e75 elementor-hidden-mobile elementor-widget elementor-widget-text-editor\" data-id=\"3130e75\" data-element_type=\"widget\" data-widget_type=\"text-editor.default\">\n\t\t\t\t<div class=\"elementor-widget-container\">\n\t\t\t\t\t\t\t<p><span style=\"font-style: inherit; font-weight: inherit; background-color: var(--ast-global-color-5);\">Les lignes <\/span><span style=\"font-style: inherit; background-color: var(--ast-global-color-5);\"><b>T1 et T2<\/b><\/span><span style=\"font-style: inherit; font-weight: inherit; background-color: var(--ast-global-color-5);\">&nbsp;&nbsp;du tramway&nbsp;<\/span><span style=\"font-style: inherit; font-weight: inherit; background-color: var(--ast-global-color-5);\">s&rsquo;arr\u00eatent en face de notre \u00e9tablissement<\/span><\/p>\n<p>Nous ne prenons pas de r\u00e9servations par mail<br>Vous pouvez nous \u00e9crire pour tout autre renseignement<br><span style=\"font-style: inherit; font-weight: inherit; background-color: var(--ast-global-color-5);\">par Email :&nbsp;<\/span><a href=\"mailto:francoisecasanova21@gmail.com\" target=\"_blank\">francoisecasanova21@gmail.com<\/a><\/p>\t\t\t\t\t\t<\/div>\n\t\t\t\t<\/div>\n\t\t\t\t<div class=\"elementor-element elementor-element-54397e4 elementor-hidden-desktop elementor-hidden-tablet elementor-widget elementor-widget-text-editor\" data-id=\"54397e4\" data-element_type=\"widget\" data-widget_type=\"text-editor.default\">\n\t\t\t\t<div class=\"elementor-widget-container\">\n\t\t\t\t\t\t\t<p><span style=\"font-style: inherit; font-weight: inherit; background-color: var(--ast-global-color-5);\">Les lignes <\/span><span style=\"font-style: inherit; background-color: var(--ast-global-color-5);\"><b>T1 et T2<\/b><\/span><span style=\"font-style: inherit; font-weight: inherit; background-color: var(--ast-global-color-5);\">&nbsp;&nbsp;du tramway&nbsp;<\/span><span style=\"font-style: inherit; font-weight: inherit; background-color: var(--ast-global-color-5);\">s&rsquo;arr\u00eatent en face de notre \u00e9tablissement<\/span><\/p>\n<p>Nous ne prenons pas <br>de r\u00e9servations par mail<br>Vous pouvez nous \u00e9crire <br>pour tout autre renseignement<br><span style=\"font-style: inherit; font-weight: inherit; background-color: var(--ast-global-color-5);\">par Email :&nbsp;<\/span><a href=\"mailto:francoisecasanova21@gmail.com\" target=\"_blank\">francoisecasanova21@gmail.com<\/a><\/p>\t\t\t\t\t\t<\/div>\n\t\t\t\t<\/div>\n\t\t\t\t\t<\/div>\n\t\t<\/div>\n\t\t\t\t<div class=\"elementor-column elementor-col-33 elementor-top-column elementor-element elementor-element-2738a91\" data-id=\"2738a91\" data-element_type=\"column\">\n\t\t\t<div class=\"elementor-widget-wrap\">\n\t\t\t\t\t\t\t<\/div>\n\t\t<\/div>\n\t\t\t\t<div class=\"elementor-column elementor-col-33 elementor-top-column elementor-element elementor-element-7a0ea40\" data-id=\"7a0ea40\" data-element_type=\"column\">\n\t\t\t<div class=\"elementor-widget-wrap elementor-element-populated\">\n\t\t\t\t\t\t<div class=\"elementor-element elementor-element-2145c8d animated-slow elementor-invisible elementor-widget elementor-widget-google_maps\" data-id=\"2145c8d\" data-element_type=\"widget\" data-settings=\"{&quot;_animation&quot;:&quot;fadeIn&quot;}\" data-widget_type=\"google_maps.default\">\n\t\t\t\t<div class=\"elementor-widget-container\">\n\t\t\t<style>\/*! elementor - v3.20.0 - 20-03-2024 *\/\n.elementor-widget-google_maps .elementor-widget-container{overflow:hidden}.elementor-widget-google_maps .elementor-custom-embed{line-height:0}.elementor-widget-google_maps iframe{height:300px}<\/style>\t\t<div class=\"elementor-custom-embed\">\n\t\t\t<iframe loading=\"lazy\"\n\t\t\t\t\tsrc=\"https:\/\/maps.google.com\/maps?q=20%20place%20de%20la%20republique%2021000%20dijon&#038;t=m&#038;z=10&#038;output=embed&#038;iwloc=near\"\n\t\t\t\t\ttitle=\"20 place de la republique 21000 dijon\"\n\t\t\t\t\taria-label=\"20 place de la republique 21000 dijon\"\n\t\t\t><\/iframe>\n\t\t<\/div>\n\t\t\t\t<\/div>\n\t\t\t\t<\/div>\n\t\t\t\t\t<\/div>\n\t\t<\/div>\n\t\t\t\t\t<\/div>\n\t\t<\/section>\n\t\t\t\t<\/div>\n\t\t","protected":false},"excerpt":{"rendered":"<p>Pour d\u00e9jeuner ou d\u00eener, contactez-nous Par t\u00e9l\u00e9phone\u00a0:\u00a003 80 74 12 08 Les lignes T1 et T2&nbsp;&nbsp;du tramway&nbsp;s&rsquo;arr\u00eatent en face de notre \u00e9tablissement Nous ne prenons pas de r\u00e9servations par mailVous pouvez nous \u00e9crire pour tout autre renseignementpar Email :&nbsp;francoisecasanova21@gmail.com Les lignes T1 et T2&nbsp;&nbsp;du tramway&nbsp;s&rsquo;arr\u00eatent en face de notre \u00e9tablissement Nous ne prenons pas de &hellip;<\/p>\n<p class=\"read-more\"> <a class=\"\" href=\"https:\/\/brasserielabourgogne.com\/index.php\/acces-contact\/\"> <span class=\"screen-reader-text\">Acc\u00e8s \/ contact<\/span> Lire la suite\u00a0\u00bb<\/a><\/p>\n","protected":false},"author":1,"featured_media":0,"parent":0,"menu_order":0,"comment_status":"closed","ping_status":"closed","template":"","meta":{"_monsterinsights_skip_tracking":false,"_monsterinsights_sitenote_active":false,"_monsterinsights_sitenote_note":"","_monsterinsights_sitenote_category":0,"site-sidebar-layout":"no-sidebar","site-content-layout":"page-builder","ast-global-header-display":"","ast-main-header-display":"","ast-hfb-above-header-display":"","ast-hfb-below-header-display":"","ast-hfb-mobile-header-display":"","site-post-title":"disabled","ast-breadcrumbs-content":"","ast-featured-img":"disabled","footer-sml-layout":"","theme-transparent-header-meta":"","adv-header-id-meta":"","stick-header-meta":"","header-above-stick-meta":"","header-main-stick-meta":"","header-below-stick-meta":"","footnotes":""},"class_list":["post-768","page","type-page","status-publish","hentry"],"yoast_head":"<!-- This site is optimized with the Yoast SEO plugin v22.3 - https:\/\/yoast.com\/wordpress\/plugins\/seo\/ -->\n<title>Brasserie la Bourgogne - Ambiance ann\u00e9es folles pour cette brasserie cr\u00e9\u00e9e en 1904. Petits d\u00e9jeuners, formules du midi, menus \u00e0 la carte le soir.<\/title>\n<meta name=\"description\" content=\"Fran\u00e7oise, J\u00e9r\u00f4me et leur \u00e9quipe vous accueillent d\u00e8s 7 h 30 pour vous proposer les petits d\u00e9jeuners, puis les formules de midi aux noms \u00e9vocateurs, Jos\u00e9phine, Colette, Mistinguett ou Gustave\u2026\" \/>\n<meta name=\"robots\" content=\"index, follow, max-snippet:-1, max-image-preview:large, max-video-preview:-1\" \/>\n<link rel=\"canonical\" href=\"https:\/\/brasserielabourgogne.com\/index.php\/acces-contact\/\" \/>\n<meta property=\"og:locale\" content=\"fr_FR\" \/>\n<meta property=\"og:type\" content=\"article\" \/>\n<meta property=\"og:title\" content=\"Brasserie la Bourgogne - Ambiance ann\u00e9es folles pour cette brasserie cr\u00e9\u00e9e en 1904. Petits d\u00e9jeuners, formules du midi, menus \u00e0 la carte le soir.\" \/>\n<meta property=\"og:description\" content=\"Fran\u00e7oise, J\u00e9r\u00f4me et leur \u00e9quipe vous accueillent d\u00e8s 7 h 30 pour vous proposer les petits d\u00e9jeuners, puis les formules de midi aux noms \u00e9vocateurs, Jos\u00e9phine, Colette, Mistinguett ou Gustave\u2026\" \/>\n<meta property=\"og:url\" content=\"https:\/\/brasserielabourgogne.com\/index.php\/acces-contact\/\" \/>\n<meta property=\"og:site_name\" content=\"Brasserie la Bourgogne\" \/>\n<meta property=\"article:modified_time\" content=\"2022-06-03T14:06:59+00:00\" \/>\n<meta name=\"twitter:card\" content=\"summary_large_image\" \/>\n<meta name=\"twitter:label1\" content=\"Dur\u00e9e de lecture estim\u00e9e\" \/>\n\t<meta name=\"twitter:data1\" content=\"1 minute\" \/>\n<script type=\"application\/ld+json\" class=\"yoast-schema-graph\">{\"@context\":\"https:\/\/schema.org\",\"@graph\":[{\"@type\":\"WebPage\",\"@id\":\"https:\/\/brasserielabourgogne.com\/index.php\/acces-contact\/\",\"url\":\"https:\/\/brasserielabourgogne.com\/index.php\/acces-contact\/\",\"name\":\"Brasserie la Bourgogne - Ambiance ann\u00e9es folles pour cette brasserie cr\u00e9\u00e9e en 1904. Petits d\u00e9jeuners, formules du midi, menus \u00e0 la carte le soir.\",\"isPartOf\":{\"@id\":\"https:\/\/brasserielabourgogne.com\/#website\"},\"datePublished\":\"2022-05-26T15:08:18+00:00\",\"dateModified\":\"2022-06-03T14:06:59+00:00\",\"description\":\"Fran\u00e7oise, J\u00e9r\u00f4me et leur \u00e9quipe vous accueillent d\u00e8s 7 h 30 pour vous proposer les petits d\u00e9jeuners, puis les formules de midi aux noms \u00e9vocateurs, Jos\u00e9phine, Colette, Mistinguett ou Gustave\u2026\",\"breadcrumb\":{\"@id\":\"https:\/\/brasserielabourgogne.com\/index.php\/acces-contact\/#breadcrumb\"},\"inLanguage\":\"fr-FR\",\"potentialAction\":[{\"@type\":\"ReadAction\",\"target\":[\"https:\/\/brasserielabourgogne.com\/index.php\/acces-contact\/\"]}]},{\"@type\":\"BreadcrumbList\",\"@id\":\"https:\/\/brasserielabourgogne.com\/index.php\/acces-contact\/#breadcrumb\",\"itemListElement\":[{\"@type\":\"ListItem\",\"position\":1,\"name\":\"Accueil\",\"item\":\"https:\/\/brasserielabourgogne.com\/\"},{\"@type\":\"ListItem\",\"position\":2,\"name\":\"Acc\u00e8s \/ contact\"}]},{\"@type\":\"WebSite\",\"@id\":\"https:\/\/brasserielabourgogne.com\/#website\",\"url\":\"https:\/\/brasserielabourgogne.com\/\",\"name\":\"Brasserie la Bourgogne\",\"description\":\"\",\"publisher\":{\"@id\":\"https:\/\/brasserielabourgogne.com\/#organization\"},\"potentialAction\":[{\"@type\":\"SearchAction\",\"target\":{\"@type\":\"EntryPoint\",\"urlTemplate\":\"https:\/\/brasserielabourgogne.com\/?s={search_term_string}\"},\"query-input\":\"required name=search_term_string\"}],\"inLanguage\":\"fr-FR\"},{\"@type\":\"Organization\",\"@id\":\"https:\/\/brasserielabourgogne.com\/#organization\",\"name\":\"Brasserie la Bourgogne\",\"url\":\"https:\/\/brasserielabourgogne.com\/\",\"logo\":{\"@type\":\"ImageObject\",\"inLanguage\":\"fr-FR\",\"@id\":\"https:\/\/brasserielabourgogne.com\/#\/schema\/logo\/image\/\",\"url\":\"https:\/\/brasserielabourgogne.com\/wp-content\/uploads\/2022\/05\/cropped-logo.png\",\"contentUrl\":\"https:\/\/brasserielabourgogne.com\/wp-content\/uploads\/2022\/05\/cropped-logo.png\",\"width\":778,\"height\":124,\"caption\":\"Brasserie la Bourgogne\"},\"image\":{\"@id\":\"https:\/\/brasserielabourgogne.com\/#\/schema\/logo\/image\/\"}}]}<\/script>\n<!-- \/ Yoast SEO plugin. -->","yoast_head_json":{"title":"Brasserie la Bourgogne - Ambiance ann\u00e9es folles pour cette brasserie cr\u00e9\u00e9e en 1904. Petits d\u00e9jeuners, formules du midi, menus \u00e0 la carte le soir.","description":"Fran\u00e7oise, J\u00e9r\u00f4me et leur \u00e9quipe vous accueillent d\u00e8s 7 h 30 pour vous proposer les petits d\u00e9jeuners, puis les formules de midi aux noms \u00e9vocateurs, Jos\u00e9phine, Colette, Mistinguett ou Gustave\u2026","robots":{"index":"index","follow":"follow","max-snippet":"max-snippet:-1","max-image-preview":"max-image-preview:large","max-video-preview":"max-video-preview:-1"},"canonical":"https:\/\/brasserielabourgogne.com\/index.php\/acces-contact\/","og_locale":"fr_FR","og_type":"article","og_title":"Brasserie la Bourgogne - Ambiance ann\u00e9es folles pour cette brasserie cr\u00e9\u00e9e en 1904. Petits d\u00e9jeuners, formules du midi, menus \u00e0 la carte le soir.","og_description":"Fran\u00e7oise, J\u00e9r\u00f4me et leur \u00e9quipe vous accueillent d\u00e8s 7 h 30 pour vous proposer les petits d\u00e9jeuners, puis les formules de midi aux noms \u00e9vocateurs, Jos\u00e9phine, Colette, Mistinguett ou Gustave\u2026","og_url":"https:\/\/brasserielabourgogne.com\/index.php\/acces-contact\/","og_site_name":"Brasserie la Bourgogne","article_modified_time":"2022-06-03T14:06:59+00:00","twitter_card":"summary_large_image","twitter_misc":{"Dur\u00e9e de lecture estim\u00e9e":"1 minute"},"schema":{"@context":"https:\/\/schema.org","@graph":[{"@type":"WebPage","@id":"https:\/\/brasserielabourgogne.com\/index.php\/acces-contact\/","url":"https:\/\/brasserielabourgogne.com\/index.php\/acces-contact\/","name":"Brasserie la Bourgogne - Ambiance ann\u00e9es folles pour cette brasserie cr\u00e9\u00e9e en 1904. Petits d\u00e9jeuners, formules du midi, menus \u00e0 la carte le soir.","isPartOf":{"@id":"https:\/\/brasserielabourgogne.com\/#website"},"datePublished":"2022-05-26T15:08:18+00:00","dateModified":"2022-06-03T14:06:59+00:00","description":"Fran\u00e7oise, J\u00e9r\u00f4me et leur \u00e9quipe vous accueillent d\u00e8s 7 h 30 pour vous proposer les petits d\u00e9jeuners, puis les formules de midi aux noms \u00e9vocateurs, Jos\u00e9phine, Colette, Mistinguett ou Gustave\u2026","breadcrumb":{"@id":"https:\/\/brasserielabourgogne.com\/index.php\/acces-contact\/#breadcrumb"},"inLanguage":"fr-FR","potentialAction":[{"@type":"ReadAction","target":["https:\/\/brasserielabourgogne.com\/index.php\/acces-contact\/"]}]},{"@type":"BreadcrumbList","@id":"https:\/\/brasserielabourgogne.com\/index.php\/acces-contact\/#breadcrumb","itemListElement":[{"@type":"ListItem","position":1,"name":"Accueil","item":"https:\/\/brasserielabourgogne.com\/"},{"@type":"ListItem","position":2,"name":"Acc\u00e8s \/ contact"}]},{"@type":"WebSite","@id":"https:\/\/brasserielabourgogne.com\/#website","url":"https:\/\/brasserielabourgogne.com\/","name":"Brasserie la Bourgogne","description":"","publisher":{"@id":"https:\/\/brasserielabourgogne.com\/#organization"},"potentialAction":[{"@type":"SearchAction","target":{"@type":"EntryPoint","urlTemplate":"https:\/\/brasserielabourgogne.com\/?s={search_term_string}"},"query-input":"required name=search_term_string"}],"inLanguage":"fr-FR"},{"@type":"Organization","@id":"https:\/\/brasserielabourgogne.com\/#organization","name":"Brasserie la Bourgogne","url":"https:\/\/brasserielabourgogne.com\/","logo":{"@type":"ImageObject","inLanguage":"fr-FR","@id":"https:\/\/brasserielabourgogne.com\/#\/schema\/logo\/image\/","url":"https:\/\/brasserielabourgogne.com\/wp-content\/uploads\/2022\/05\/cropped-logo.png","contentUrl":"https:\/\/brasserielabourgogne.com\/wp-content\/uploads\/2022\/05\/cropped-logo.png","width":778,"height":124,"caption":"Brasserie la Bourgogne"},"image":{"@id":"https:\/\/brasserielabourgogne.com\/#\/schema\/logo\/image\/"}}]}},"_links":{"self":[{"href":"https:\/\/brasserielabourgogne.com\/index.php\/wp-json\/wp\/v2\/pages\/768","targetHints":{"allow":["GET"]}}],"collection":[{"href":"https:\/\/brasserielabourgogne.com\/index.php\/wp-json\/wp\/v2\/pages"}],"about":[{"href":"https:\/\/brasserielabourgogne.com\/index.php\/wp-json\/wp\/v2\/types\/page"}],"author":[{"embeddable":true,"href":"https:\/\/brasserielabourgogne.com\/index.php\/wp-json\/wp\/v2\/users\/1"}],"replies":[{"embeddable":true,"href":"https:\/\/brasserielabourgogne.com\/index.php\/wp-json\/wp\/v2\/comments?post=768"}],"version-history":[{"count":65,"href":"https:\/\/brasserielabourgogne.com\/index.php\/wp-json\/wp\/v2\/pages\/768\/revisions"}],"predecessor-version":[{"id":1137,"href":"https:\/\/brasserielabourgogne.com\/index.php\/wp-json\/wp\/v2\/pages\/768\/revisions\/1137"}],"wp:attachment":[{"href":"https:\/\/brasserielabourgogne.com\/index.php\/wp-json\/wp\/v2\/media?parent=768"}],"curies":[{"name":"wp","href":"https:\/\/api.w.org\/{rel}","templated":true}]}}